et q = r + z. List the prime factors of q.
2, 5
Let p be (-146)/(-7) + 1/7. Suppose g - 1 = p. Suppose 2*h + 0 - g = 0. List the prime factors of h.
11
Let m(n) = n**2 - n - 1. Let x be m(-1). Let a be 2/(-1)*(x - -4). Let l = a - -19. List the prime factors of l.
3
Let i(q) = -q**3 - q**2 + 14. Let k be 3*15/9 + -2. Suppose k*n = 2*n. What are the prime factors of i(n)?
2, 7
Suppose -4*s = -334 + 106. What are the prime factors of s?
3, 19
Suppose 3*s = -0*s. Suppose s = 4*t + 65 + 31. Let u = -13 - t. What are the prime factors of u?
11
Suppose -1 + 10 = 3*z. Suppose -3*l + z = -0, -10 = -o + 2*l. Suppose 5*d - b = 55, -3*b = -d + 37 - o. List the prime factors of d.
2, 5
Suppose 4*l = 4*s, 5*l = -5*s + 4*s + 30. Suppose 22 = -s*u + 82. List the prime factors of u.
2, 3
Let f(l) = 38*l**2 - l. What are the prime factors of f(-1)?
3, 13
Let y(n) = 6*n**2 + 6 - 3 + 3*n - n**3 + 0*n**3. List the prime factors of y(6).
3, 7
Let a(r) = 2*r. Let c be a(4). Let o = 10 - c. Suppose 35 = 3*u + o*u. List the prime factors of u.
7
Let m(t) = -30*t**3 + 3*t**2 + 11*t + 5. List the prime factors of m(-2).
5, 47
Suppose -63 = -5*o + 67. List the prime factors of o.
2, 13
Suppose -2*q + q = -1. Let s(g) = 5*g**3 - g**2 + 1. Let z be s(q). Suppose z*p - p - 28 = 0. List the prime factors of p.
7
Let s(h) = -h**2 + 11*h - 5. Let y be s(10). Suppose y*d - 19 - 26 = 0. What are the prime factors of d?
3
Let z = 4 + -6. What are the prime factors of (-12)/z*9/6?
3
Suppose 2*u - 5*q + 26 + 25 = 0, -5 = -q. Let a be (-4)/(-6)*-3 - u. Suppose 0*v = v - a. What are the prime factors of v?
11
Suppose -5*r = 2*d + 95, -4*r - 73 = -4*d + 31. Let f be 344/(-28) + 4/14. Let t = f - r. List the prime factors of t.
3
Suppose -i + 5*k + 3 = 28, 3*i - 5 = -k. Let v = -1 - i. Let x(t) = -8*t**3 - t**2. List the prime factors of x(v).
7
Let x = -20 - -34. List the prime factors of x.
2, 7
Suppose 5*n + 30 + 5 = 5*d, -4*d - 4*n = -12. Suppose -a + 2*a - d*h = 13, -3*a + 72 = -4*h. List the prime factors of a.
2, 7
Let v(u) = -9*u - 24. List the prime factors of v(-6).
2, 3, 5
Suppose -s = -2*s + 8. What are the prime factors of 94/s + (-4)/(-16)?
2, 3
Suppose -2*f + 334 = 5*c, c = -3*f + 2*f + 65. Let u = -37 + c. Suppose -3*t - 1 = -u. What are the prime factors of t?
2, 5
List the prime factors of 24/(-60) - 1004/(-10).
2, 5
Suppose 2*w + 4*w = 108. List the prime factors of w.
2, 3
Let v(z) = -1 - z**2 + 3*z**3 + 8*z**3 + 0 + z. What are the prime factors of v(1)?
2, 5
Let m = 35 - 29. What are the prime factors of m?
2, 3
List the prime factors of 3872/33 - (3/9 + 0).
3, 13
Let d = 94 - 64. Suppose -l - d = -2*l. List the prime factors of l.
2, 3, 5
Let o be 2/((4/22)/1). Let b = o + -8. Let l = b - 1. What are the prime factors of l?
2
Suppose 0 = -0*b + b + 3*h - 239, b + h = 241. What are the prime factors of b?
2, 11
Suppose 4*l = 2*l + 54. What are the prime factors of l?
3
Suppose -50 - 28 = -6*a. List the prime factors of a.
13
Suppose -2*y - 43 = 5*g, -y + 0*y = g + 17. Let l(m) = m**3 + 15*m**2 + 12*m - 6. What are the prime factors of l(y)?
2, 11
Let o(m) = 11*m - 6. What are the prime factors of o(3)?
3
Let g = 28 - 19. Let a = -5 + g. What are the prime factors of a?
2
Let s(k) be the second derivative of -k**3/6 + k**2/2 - k. Let r be s(1). Let c = r - -4. List the prime factors of c.
2
Let l = -5 - -17. Suppose 3*t + 0*t - l = 0. What are the prime factors of t?
2
Suppose -30 - 12 = -3*c. List the prime factors of c.
2, 7
Let y = -55 - -79. What are the prime factors of y?
2, 3
Let x = 4 + -1. Suppose c - 4*f = 79, -x*f + 231 = 4*c - 2*f. Suppose -b + m + 5 = -m, 0 = -4*b - 5*m + c. What are the prime factors of b?
11
Suppose 5*d + 37 = 682. List the prime factors of d.
3, 43
Suppose -4 + 12 = 4*q. Suppose 3*k - 30 = -q*k. What are the prime factors of k?
2, 3
Let v = 7 + 1. Let g = -5 + v. List the prime factors of g.
3
Suppose 0 = 3*l - 3*q + 4*q, 0 = 3*l - 4*q - 15. List the prime factors of (l + 2)*(2 - -17).
3, 19
What are the prime factors of -1 + 3 - (0 + -5)?
7
Let p = -21 + 28. Suppose 8*o - 19 = p*o. What are the prime factors of o?
19
Let a(y) be the first derivative of 3*y + 3/2*y**2 - 1. What are the prime factors of a(4)?
3, 5
Let j(w) = -w**3 + 10*w**2 + 14*w - 5. List the prime factors of j(11).
2, 7
Let n be (-2 + 1)*(1 - -2). Let t be (-4)/12 - (-2)/n. What are the prime factors of -1 + t - (-12)/1?
2, 5
What are the prime factors of (-172)/(-6)*(-24)/(-16)?
43
Let g(a) = -6*a**3 - 21*a**2 - 16*a - 1. Let u(q) = -q**3 - 4*q**2 - 3*q. Let p(k) = -2*g(k) + 11*u(k). What are the prime factors of p(3)?
2
Let j be (0 + -268)*(-2)/8. Suppose 5*y = 2*p + 53 + j, 4*y - 103 = 3*p. List the prime factors of y.
2, 11
Let y = -11 + 15. Let t = y - 2. Suppose 3*r - 6 = 4*x - 9*x, t*r - 6 = -4*x. List the prime factors of x.
3
Let l = -21 + 14. Let q(o) = 2*o**3 - o**2 + 5*o + 3. Let s be q(-3). List the prime factors of s/l + (-6)/(-21).
11
Let h(r) = r**3 + 7*r**2 + 4*r - 6. Let q be h(-6). Suppose c + 5*c - 330 = 0. What are the prime factors of c/20 - q/8?
2
Suppose -o - 2*o = 4*t - 27, 3*t - 13 = 5*o. List the prime factors of t*2/4 + 12.
3, 5
Let u(o) = -28*o**3 - 2*o**2 + o. Let m(k) = -28*k**3 - 2*k**2 + k. Let a(g) = -4*m(g) + 3*u(g). What are the prime factors of a(1)?
29
Let g = -35 - 45. Let w = -54 - g. What are the prime factors of w?
2, 13
Let y(d) = 3*d**2 + 6*d - 4. Let f be y(-6). Let p = -48 + f. What are the prime factors of (-18)/(-5)*p/6?
2, 3
Suppose 0 + 9 = 3*q. Suppose 33 = -0*s + q*s. What are the prime factors of s?
11
Let q be 2/8 - (-359)/4. Suppose -4*f = 4*n - 76, -3*f - f + 3*n = -q. What are the prime factors of f?
3, 7
Let i(l) = -12*l**2 - 4*l - l**3 + 3*l - 2*l - 15 + l**2. What are the prime factors of i(-11)?
2, 3
What are the prime factors of ((-11)/(-3))/((-5)/(-60))?
2, 11
Let d = 56 - 34. Suppose -4*s = 5*b - d, -s - 2*b + 19 = 4*s. What are the prime factors of s?
3
Let v be (0 - -1) + -1 + 5. Suppose 3*z = 2*q + v, 0*q + 2*z = -3*q - 1. What are the prime factors of -1 - -7 - (-1)/q?
5
Let i be (-42)/(-8) - 9/36. Suppose -i*m - 49 = -2*k, 10 = 2*k + 4*m - 48. What are the prime factors of k?
3
Let u be (-6)/(-12) + (-5)/(-2). Suppose -7*g + 3*g = -4*y + 24, -u*g = -5*y + 10. Let j = 17 + g. List the prime factors of j.
7
Let m be (-2)/7 + 1920/(-42). Let c = m + 74. What are the prime factors of c?
2, 7
Suppose 398 + 682 = 15*z. List the prime factors of z.
2, 3
Let o be (-12)/(-7) - 8/(-28). Suppose o*d + 6 = 4*d. List the prime factors of d.
3
Let g(z) = 6*z**2 - 2*z. Let u be (-4)/((-6)/3) - 0. List the prime factors of g(u).
2, 5
Suppose -2*n - 2 = 14. What are the prime factors of 23/2 - 4/n?
2, 3
List the prime factors of 32 + -6 + -1 + 3.
2, 7
Suppose 0 = 2*j + 4*j - 114. List the prime factors of j.
19
Let r(m) = m**3 - 13*m**2 - 20*m - 19. What are the prime factors of r(15)?
131
Let j be 4*5*1/4. Suppose 0 = -j*k + 10, -4*g + 2*k + 26 = k. Let a = g + -4. List the prime factors of a.
3
Let p(t) be the third derivative of t**5/60 - t**4/6 - t**3/6 - 3*t**2. Let v be p(4). What are the prime factors of -7*(-2 - 0) + v?
13
Let h(o) = o + 5. Let s be h(-4). Let z be s/(-4) - 18/(-8). List the prime factors of 1 + 2/(z/11).
2, 3
Suppose -3*r + 3*a + a + 9 = 0, 3*r = -a + 9. Suppose -2*x - 3*m + 74 = m, 0 = -5*x + r*m + 185. What are the prime factors of x?
37
Suppose 7 = -4*v + 3*v. Let x be 8/28 - (-79)/v. Let k = 2 - x. List the prime factors of k.
13
Suppose -1 = 2*p + w, -p = -4*w - 8 - 14. What are the prime factors of (2/(-5))/(p/(-30))?
2, 3
List the prime factors of 0 + ((-408)/(-20))/((-6)/(-20)).
2, 17
Suppose 0 = 4*l - 8 - 0. Let w be l/(-6) + 120/(-18). Let n(g) = -g**2 - 8*g + 8. What are the prime factors of n(w)?
3, 5
Let s = 20 - -70. List the prime factors of s.
2, 3, 5
Let j = 114 + -59. What are the prime factors of j?
5, 11
Let u(h) = -h**2 - 8*h + 4. Let t be u(-8). Suppose -5*y - 13 = -q, 0*q + y - 10 = -t*q. Suppose -q*w = w - 20. List the prime factors of w.
5
What are the prime factors of -543*(-3 + -1 + (-44)/(-12))?
181
Let h = -4 + 6. Suppose -3*g = -h*i + 25, 0*g - g = -2*i + 19. What are the prime factors of i + (-2)/1 + 4?
2, 5
Let v = 124 - 89. List the prime factors of 